is divided by 10?
0
Calculate the remainder when 101 is divided by 4.
1
Calculate the remainder when 4718 is divided by 28.
14
Calculate the remainder when 23 is divided by 15.
8
What is the remainder when 117 is divided by 20?
17
Calculate the remainder when 95 is divided by 48.
47
What is the remainder when 226 is divided by 53?
14
Calculate the remainder when 4835 is divided by 39.
38
Calculate the remainder when 88 is divided by 27.
7
What is the remainder when 258 is divided by 119?
20
Calculate the remainder when 310 is divided by 12.
10
Calculate the remainder when 83 is divided by 44.
39
What is the remainder when 210 is divided by 128?
82
Calculate the remainder when 87 is divided by 34.
19
What is the remainder when 1725 is divided by 7?
3
Calculate the remainder when 451 is divided by 58.
45
What is the remainder when 74 is divided by 68?
6
Calculate the remainder when 71 is divided by 19.
14
What is the remainder when 33 is divided by 5?
3
What is the remainder when 635 is divided by 151?
31
What is the remainder when 412 is divided by 42?
34
What is the remainder when 674 is divided by 9?
8
What is the remainder when 764 is divided by 17?
16
Calculate the remainder when 2913 is divided by 54.
51
Calculate the remainder when 212 is divided by 12.
8
What is the remainder when 189 is divided by 64?
61
Calculate the remainder when 192 is divided by 56.
24
What is the remainder when 257 is divided by 28?
5
What is the remainder when 1355 is divided by 150?
5
What is the remainder when 42 is divided by 35?
7
Calculate the remainder when 173 is divided by 31.
18
What is the remainder when 82 is divided by 14?
12
Calculate the remainder when 79 is divided by 8.
7
What is the remainder when 447 is divided by 46?
33
What is the remainder when 1175 is divided by 9?
5
What is the remainder when 229 is divided by 21?
19
Calculate the remainder when 271 is divided by 53.
6
What is the remainder when 7767 is divided by 2587?
6
What is the remainder when 2400 is divided by 304?
272
Calculate the remainder when 2502 is divided by 832.
6
What is the remainder when 101 is divided by 15?
11
What is the remainder when 279 is divided by 42?
27
What is the remainder when 214 is divided by 5?
4
Calculate the remainder when 166 is divided by 72.
22
What is the remainder when 173 is divided by 42?
5
What is the remainder when 237 is divided by 50?
37
What is the remainder when 20898 is divided by 24?
18
What is the remainder when 2229 is divided by 15?
9
What is the remainder when 568 is divided by 70?
8
What is the remainder when 6 is divided by 5?
1
What is the remainder when 379 is divided by 43?
35
What is the remainder when 188 is divided by 64?
60
What is the remainder when 24 is divided by 3?
0
Calculate the remainder when 605 is divided by 101.
100
What is the remainder when 243 is divided by 228?
15
Calculate the remainder when 593 is divided by 149.
146
Calculate the remainder when 318 is divided by 81.
75
What is the remainder when 2427 is divided by 11?
7
Calculate the remainder when 677 is divided by 34.
31
What is the remainder when 216 is divided by 95?
26
Calculate the remainder when 21 is divided by 11.
10
What is the remainder when 1148 is divided by 433?
282
Calculate the remainder when 88 is divided by 30.
28
Calculate the remainder when 1455 is divided by 15.
0
Calculate the remainder when 31 is divided by 23.
8
Calculate the remainder when 159 is divided by 20.
19
What is the remainder when 38453 is divided by 174?
173
What is the remainder when 4185 is divided by 46?
45
Calculate the remainder when 306 is divided by 22.
20
Calculate the remainder when 1738 is divided by 70.
58
Calculate the remainder when 929 is divided by 62.
61
What is the remainder when 59 is divided by 37?
22
Calculate the remainder when 1394 is divided by 183.
113
What is the remainder when 580 is divided by 10?
0
Calculate the remainder when 25 is divided by 16.
9
What is the remainder when 954 is divided by 89?
64
Calculate the remainder when 1365 is divided by 12.
9
What is the remainder when 34 is divided by 9?
7
What is the remainder when 110985 is divided by 36?
33
Calculate the remainder when 687 is divided by 134.
17
What is the remainder when 239 is divided by 2?
1
Calculate the remainder when 2237 is divided by 112.
109
Calculate the remainder when 53 is divided by 18.
17
Calculate the remainder when 503 is divided by 86.
73
Calculate the remainder when 197 is divided by 40.
37
What is the remainder when 276 is divided by 31?
28
Calculate the remainder when 4883 is divided by 94.
89
What is the remainder when 394 is divided by 16?
10
Calculate the remainder when 978 is divided by 11.
10
What is the remainder when 174 is divided by 50?
24
What is the remainder when 5917 is divided by 112?
93
Calculate the remainder when 2221 is divided by 16.
13
Calculate the remainder when 4165 is divided by 72.
61
What is the remainder when 3013 is divided by 137?
136
Calculate the remainder when 5782 is divided by 89.
86
Calculate the remainder when 75 is divided by 35.
5
What is the remainder when 9098 is divided by 50?
48
Calculate the remainder when 367 is divided by 104.
55
What is the remainder when 109 is divided by 88?
21
Calculate the remainder when 140 is divided by 20.
0
Calculate the remainder when 44 is divided by 14.
2
Calculate the remainder when 1146 is divided by 105.
96
What is the remainder when 39 is divided by 39?
0
Calculate the remainder when 628 is divided by 177.
97
What is the remainder when 139 is divided by 17?
3
Calculate the remainder when 293 is divided by 34.
21
Calculate the remainder when 4720 is divided by 17.
11
What is the remainder when 452 is divided by 31?
18
What is the remainder when 272 is divided by 89?
5
What is the remainder when 146 is divided by 69?
8
Calculate the remainder when 1780 is divided by 48.
4
What is the remainder when 10 is divided by 1?
0
Calculate the remainder when 45 is divided by 8.
5
Calculate the remainder when 2290 is divided by 29.
28
What is the remainder when 1112 is divided by 286?
254
What is the remainder when 448 is divided by 410?
38
Calculate the remainder when 262 is divided by 152.
110
What is the remainder when 10 is divided by 7?
3
What is the remainder when 108 is divided by 14?
10
Calculate the remainder when 924 is divided by 132.
0
Calculate the remainder when 478 is divided by 80.
78
Calculate the remainder when 5772 is divided by 960.
12
What is the remainder when 155 is divided by 59?
37
What is the remainder when 216 is divided by 13?
8
What is the remainder when 14 is divided by 9?
5
What is the remainder when 32 is divided by 11?
10
What is the remainder when 7205 is divided by 424?
421
What is the remainder when 101 is divided by 43?
15
Calculate the remainder when 36 is divided by 3.
0
What is the remainder when 75 is divided by 40?
35
What is the remainder when 193 is divided by 14?
11
Calculate the remainder when 703 is divided by 231.
10
Calculate the remainder when 273 is divided by 20.
13
What is the remainder when 233 is divided by 106?
21
What is the remainder when 88 is divided by 39?
10
Calculate the remainder when 68 is divided by 8.
4
What is the remainder when 169 is divided by 43?
40
What is the remainder when 123 is divided by 27?
15
Calculate the remainder when 324 is divided by 86.
66
What is the remainder when 1222 is divided by 121?
12
What is the remainder when 9180 is divided by 224?
220
Calculate the remainder when 284 is divided by 188.
96
What is the remainder when 326 is divided by 132?
62
Calculate the remainder when 3653 is divided by 21.
20
Calculate the remainder when 334 is divided by 56.
54
Calculate the remainder when 831 is divided by 395.
41
What is the remainder when 112 is divided by 49?
14
What is the remainder when 402 is divided by 60?
42
Calculate the remainder when 264 is divided by 16.
8
Calculate the remainder when 891 is divided by 53.
43
What is the remainder when 192 is divided by 5?
2
What is the remainder when 508 is divided by 73?
70
Calculate the remainder when 116 is divided by 20.
16
What is the remainder when 162 is divided by 42?
36
What is the remainder when 934 is divided by 19?
3
Calculate the remainder when 1349 is